2268?
2, 3, 7, 13, 246731
What are the prime factors of 1259763125?
5, 2015621
List the prime factors of 50621336.
2, 2153, 2939
What are the prime factors of 139729895?
5, 19, 1470841
List the prime factors of 38031902.
2, 1621, 11731
What are the prime factors of 4219340880?
2, 3, 5, 37, 475151
What are the prime factors of 120976835?
5, 7, 29, 17027
List the prime factors of 291200503.
11, 619, 42767
What are the prime factors of 170843013?
3, 11, 17, 11279
What are the prime factors of 23453444?
2, 7, 59, 14197
What are the prime factors of 40209943?
40209943
What are the prime factors of 94126663?
29, 3245747
What are the prime factors of 4010926050?
2, 3, 5, 43, 53, 3911
What are the prime factors of 6758354?
2, 3379177
What are the prime factors of 187105158?
2, 3, 29, 53, 6763
List the prime factors of 240339242.
2, 11, 13, 840347
What are the prime factors of 745182230?
2, 5, 13, 5732171
What are the prime factors of 19879086?
2, 3, 17, 79, 2467
What are the prime factors of 2363881?
13, 181837
List the prime factors of 24732823.
31, 797833
List the prime factors of 316836423.
3, 1663, 21169
List the prime factors of 972607741.
7, 138943963
List the prime factors of 429489142.
2, 214744571
What are the prime factors of 444121188?
2, 3, 7, 71, 113, 659
What are the prime factors of 584106282?
2, 3, 10816783
List the prime factors of 86422703.
86422703
What are the prime factors of 127231469?
23, 827, 6689
What are the prime factors of 188887452?
2, 3, 13, 1210817
What are the prime factors of 3547580425?
5, 141903217
List the prime factors of 8488489304.
2, 43, 24675841
List the prime factors of 2876021951.
11, 37, 7066393
What are the prime factors of 631659817?
29, 41, 531253
What are the prime factors of 327519924?
2, 3, 191, 142897
What are the prime factors of 288922059?
3, 3566939
What are the prime factors of 61306437?
3, 17, 31, 2281
List the prime factors of 138852034.
2, 103, 191, 3529
List the prime factors of 149710820.
2, 5, 7, 1069363
List the prime factors of 82033510.
2, 5, 13, 131, 4817
What are the prime factors of 370895790?
2, 3, 5, 29, 103, 4139
List the prime factors of 4453422619.
331, 13454449
What are the prime factors of 781368026?
2, 109, 211, 16987
List the prime factors of 2020468117.
3943, 512419
List the prime factors of 10041279.
3, 29, 211, 547
What are the prime factors of 46112062?
2, 683, 33757
List the prime factors of 118359583.
47, 2518289
What are the prime factors of 3534159090?
2, 3, 5, 7, 11, 83, 18433
What are the prime factors of 11056677?
3, 31, 61, 1949
List the prime factors of 634448239.
22571, 28109
List the prime factors of 2885232827.
283, 10195169
List the prime factors of 46482872.
2, 5810359
What are the prime factors of 3130231350?
2, 3, 5, 139, 150131
What are the prime factors of 89925504?
2, 3, 234181
List the prime factors of 40247385.
3, 5, 2683159
What are the prime factors of 41916926?
2, 19, 79, 13963
What are the prime factors of 3718350544?
2, 479, 485171
What are the prime factors of 2843894451?
3, 283, 3349699
What are the prime factors of 106272515?
5, 157, 331, 409
What are the prime factors of 1192955639?
41, 263, 317, 349
What are the prime factors of 335218946?
2, 29, 47, 122971
List the prime factors of 355481247.
3, 11, 31, 347489
List the prime factors of 44789914.
2, 13, 1091, 1579
What are the prime factors of 14660113?
13, 1127701
What are the prime factors of 2986525990?
2, 5, 7, 1999, 3049
List the prime factors of 119863653.
3, 7, 13, 62723
What are the prime factors of 14899520?
2, 5, 101, 461
List the prime factors of 36658748.
2, 7, 139, 9419
What are the prime factors of 408156713?
109, 863, 4339
What are the prime factors of 18065093?
1039, 17387
What are the prime factors of 1286983747?
7, 5521, 33301
List the prime factors of 776418286.
2, 7, 37, 47, 31891
List the prime factors of 98870774.
2, 1511, 32717
What are the prime factors of 196259906?
2, 97, 1011649
List the prime factors of 424086571.
424086571
What are the prime factors of 1184916296?
2, 148114537
What are the prime factors of 34909757?
109, 320273
List the prime factors of 54293863.
13, 101, 41351
List the prime factors of 162712705.
5, 103, 139, 2273
What are the prime factors of 296094812?
2, 13, 89, 137, 467
List the prime factors of 3379175.
5, 17, 7951
List the prime factors of 4310368709.
19, 1523, 148957
List the prime factors of 2378443792.
2, 3257, 45641
List the prime factors of 338122765.
5, 19, 79, 45053
List the prime factors of 291861873.
3, 557, 6469
What are the prime factors of 438960662?
2, 7, 103, 304411
What are the prime factors of 516320527?
516320527
What are the prime factors of 2966475226?
2, 11, 13, 2789, 3719
List the prime factors of 6217520784.
2, 3, 19, 6817457
What are the prime factors of 87629870?
2, 5, 31, 282677
List the prime factors of 1569958366.
2, 784979183
List the prime factors of 69090608.
2, 4318163
List the prime factors of 53663448.
2, 3, 19, 137, 859
List the prime factors of 1061925408.
2, 3, 3687241
What are the prime factors of 187272383?
187272383
What are the prime factors of 10088933?
1063, 9491
What are the prime factors of 2221415051?
29, 677, 113147
List the prime factors of 475093550.
2, 5, 1913, 4967
What are the prime factors of 219428624?
2, 71, 419, 461
List the prime factors of 1854241092.
2, 3, 11, 29, 107, 503
List the prime factors of 154959906.
2, 3, 173, 149287
What are the prime factors of 1807602559?
7, 258228937
List the prime factors of 20899839.
3, 6966613
What are the prime factors of 165163232?
2, 13, 397027
What are the prime factors of 1426922537?
739, 1930883
What are the prime factors of 2663001544?
2, 7, 19, 71, 35251
List the prime factors of 113761889.
61, 223, 8363
What are the prime factors of 18894416?
2, 1180901
List the prime factors of 201739771.
89, 2266739
List the prime factors of 58079704.
2, 71, 102253
List the prime factors of 64685170.
2, 5, 11, 17, 34591
What are the prime factors of 13162169?
13162169
What are the prime factors of 148905075?
3, 5, 11, 180491
What are the prime factors of 4019929190?
2, 5, 23, 759911
List the prime factors of 21933521.
21933521
List the prime factors of 121730782.
2, 60865391
List the prime factors of 236868597.
3, 7, 25577
List the prime factors of 45349445.
5, 23, 139, 2837
List the prime factors of 954629116.
2, 7, 4657, 7321
What are the prime factors of 186874716?
2, 3, 7, 37, 60127
What are the prime factors of 827166936?
2, 3, 5503, 6263
What are the prime factors of 590236995?
3, 5, 19, 2071007
What are the prime factors of 118263684?
2, 3, 7, 11, 149, 859
List the prime factors of 2135648597.
2135648597
What are the prime factors of 1895272946?
2, 7, 135376639
What are the prime factors of 82678109?
82678109
List the prime factors of 43273294.
2, 21636647
What are the prime factors of 49107559?
157, 479, 653
What are the prime factors of 1910495142?
2, 3, 106138619
List the prime factors of 151232580.
2, 3, 5, 840181
What are the prime factors of 83926782?
2, 3, 1667, 2797
List the prime factors of 112984894.
2, 11, 31, 165667
What are the prime factors of 234676674?
2, 3, 349, 37357
What are the prime factors of 2691452413?
13, 53, 139, 157, 179
What are the prime factors of 276005455?
5, 11, 17, 163, 1811
What are the prime factors of 247566962?
2, 123783481
List the prime factors of 4276472780.
2, 5, 3181, 67219
What are the prime factors of 32278712?
2, 179, 22541
List the prime factors of 723589280.
2, 5, 67, 67499
List the prime factors of 319959905.
5, 19, 37, 227, 401
List the prime factors of 1858787852.
2, 61, 103, 73961
List the prime factors of 8431370505.
3, 5, 187363789
List the prime factors of 617697048.
2, 3, 25737377
List the prime factors of 26746613.
29, 283, 3259
What are the prime factors of 1878963980?
2, 5, 1321, 71119
List the prime factors of 837110644.
2, 37, 59, 2591
What are the prime factors of 62835965?
5, 12567193
List the prime factors of 38526602.
2, 19263301
List the prime factors of 29931920.
2, 5, 374149
What are the prime factors of 500894350?
2, 5, 11, 71, 101, 127
What are the prime factors of 13190888?
2, 239, 6899
List the prime factors of 33870941.
13, 31, 84047
List the prime factors of 1140835200.
2